{"id":11254,"date":"2024-08-06T17:18:26","date_gmt":"2024-08-06T17:18:26","guid":{"rendered":"http:\/\/bpnyklub.hu\/bpnyklub_wp\/?post_type=te_announcements&#038;p=11254"},"modified":"2024-08-06T17:23:38","modified_gmt":"2024-08-06T17:23:38","slug":"2024-julius-19-en-elhunyt-parragh-csaba-ny-mernok-ezredes","status":"publish","type":"te_announcements","link":"https:\/\/bpnyklub.hu\/bpnyklub_wp\/announcement\/2024-julius-19-en-elhunyt-parragh-csaba-ny-mernok-ezredes\/","title":{"rendered":"2024. j\u00falius 19-\u00e9n elhunyt Parragh Csaba ny. m\u00e9rn\u00f6k ezredes"},"content":{"rendered":"<p><strong>M\u00e9ly f\u00e1jdalommal tudatjuk, hogy Parragh Csaba ny. m\u00e9rn\u00f6k ezredes, hosszan tart\u00f3 s\u00falyos betegs\u00e9g ut\u00e1n, \u00e9let\u00e9nek 81. \u00e9v\u00e9ben 2024. j\u00falius 19.-\u00e9n v\u00e1ratlanul elhunyt.<img fetchpriority=\"high\" decoding=\"async\" class=\"size-medium wp-image-11256 aligncenter\" src=\"http:\/\/bpnyklub.hu\/bpnyklub_wp\/wp-content\/uploads\/2024\/08\/Parragh-Csaba-270x300.jpg\" alt=\"\" width=\"270\" height=\"300\" srcset=\"https:\/\/bpnyklub.hu\/bpnyklub_wp\/wp-content\/uploads\/2024\/08\/Parragh-Csaba-270x300.jpg 270w, https:\/\/bpnyklub.hu\/bpnyklub_wp\/wp-content\/uploads\/2024\/08\/Parragh-Csaba.jpg 393w\" sizes=\"(max-width: 270px) 100vw, 270px\" \/> <\/strong><\/p>\n<p><strong>Kedves Bar\u00e1tunk, tagt\u00e1rsunk b\u00facs\u00faztat\u00e1s\u00e1ra &#8211; katonai tiszteletad\u00e1ssal &#8211; 2024. augusztus 14.-\u00e9n 13 \u00f3ra 30 perckor ker\u00fcl sor a Farkasr\u00e9ti temet\u0151 H\u00f3vir\u00e1g \u00fati ravataloz\u00f3j\u00e1ban. <\/strong><\/p>\n<p>Parragh Csaba a Fegyverzeti tagozat tagja, a tagozat titk\u00e1ra volt. Az MN (MH) Fegyverzeti Szolg\u00e1latf\u0151n\u00f6ks\u00e9g tagjak\u00e9nt, vezet\u0151jek\u00e9nt, majd az MH M\u00e9r\u00e9s\u00fcgyi Szolg\u00e1lat F\u0151n\u00f6kek\u00e9nt mindenkor a Honv\u00e9ds\u00e9g anyagi-technikai-, logisztikai biztos\u00edt\u00e1s\u00e1nak fejleszt\u00e9s\u00e9\u00e9rt dolgozott. Munka- \u00e9s \u00e9letkedv\u00e9t, vitalit\u00e1s\u00e1t csak s\u00falyos betegs\u00e9ge tudta megt\u00f6rni.<\/p>\n<p style=\"text-align: center;\"><strong>EML\u00c9K\u00c9T KEGYELETTEL MEG\u0150RIZZ\u00dcK!<\/strong><\/p>\n","protected":false},"parent":0,"template":"","class_list":["post-11254","te_announcements","type-te_announcements","status-publish","hentry"],"announcement_date":"Announcement Date: 2024-08-06","announcement_image":false,"publishpress_future_workflow_manual_trigger":{"enabledWorkflows":[]},"_links":{"self":[{"href":"https:\/\/bpnyklub.hu\/bpnyklub_wp\/wp-json\/wp\/v2\/announcement\/11254","targetHints":{"allow":["GET"]}}],"collection":[{"href":"https:\/\/bpnyklub.hu\/bpnyklub_wp\/wp-json\/wp\/v2\/announcement"}],"about":[{"href":"https:\/\/bpnyklub.hu\/bpnyklub_wp\/wp-json\/wp\/v2\/types\/te_announcements"}],"wp:attachment":[{"href":"https:\/\/bpnyklub.hu\/bpnyklub_wp\/wp-json\/wp\/v2\/media?parent=11254"}],"curies":[{"name":"wp","href":"https:\/\/api.w.org\/{rel}","templated":true}]}}

2024. július 19-én elhunyt Parragh Csaba ny. mérnök ezredes

<p><strong>Mély fájdalommal tudatjuk, hogy Parragh Csaba ny. mérnök ezredes, hosszan tartó súlyos betegség után, életének 81. évében 2024. július 19.-én váratlanul elhunyt.<img fetchpriority="high" decoding="async" class="size-medium wp-image-11256 aligncenter" src="http://bpnyklub.hu/bpnyklub_wp/wp-content/uploads/2024/08/Parragh-Csaba-270x300.jpg" alt="" width="270" height="300" srcset="https://bpnyklub.hu/bpnyklub_wp/wp-content/uploads/2024/08/Parragh-Csaba-270x300.jpg 270w, https://bpnyklub.hu/bpnyklub_wp/wp-content/uploads/2024/08/Parragh-Csaba.jpg 393w" sizes="(max-width: 270px) 100vw, 270px" /> </strong></p>
<p><strong>Kedves Barátunk, tagtársunk búcsúztatására &#8211; katonai tiszteletadással &#8211; 2024. augusztus 14.-én 13 óra 30 perckor kerül sor a Farkasréti temető Hóvirág úti ravatalozójában. </strong></p>
<p>Parragh Csaba a Fegyverzeti tagozat tagja, a tagozat titkára volt. Az MN (MH) Fegyverzeti Szolgálatfőnökség tagjaként, vezetőjeként, majd az MH Mérésügyi Szolgálat Főnökeként mindenkor a Honvédség anyagi-technikai-, logisztikai biztosításának fejlesztéséért dolgozott. Munka- és életkedvét, vitalitását csak súlyos betegsége tudta megtörni.</p>
<p style="text-align: center;"><strong>EMLÉKÉT KEGYELETTEL MEGŐRIZZÜK!</strong></p>
